Let d(l) = -l**3 + 5*l**2 + 3*l + 6. Let z(s) = 43 - 656*s + 691*s + 138. Let t be z(-5). Give d(t).
-12
Let c(j) = -2*j**2 + 4*j - 6. Let o = 2691 + -2687. What is c(o)?
-22
Let v(i) = 10*i + 179. Let f(k) = -9*k - 1. Let d(o) = -3*f(o) - v(o). Determine d(12).
28
Let r(t) = 579 - 1151 - 7*t - 4*t + 578. What is r(2)?
-16
Let o be 35/9 + 484/(-99) + 5. Suppose 5*i - w + o = 10*i, 0 = -4*w + 16. Let v(s) = -1 + 3 + s - 5. Determine v(i).
-3
Let k(q) = 8*q - 234. Let r be k(0). Let s = r + 245. Let l(a) = -a**3 + 10*a**2 + 14*a - 16. Determine l(s).
17
Let b(s) be the third derivative of 5*s**4/24 - 25*s**3/3 + 1562*s**2 + 2*s. What is b(14)?
20
Let f(t) be the second derivative of 5*t**3/6 + 35*t**2/2 + 3097*t. What is f(-8)?
-5
Let t(j) be the first derivative of -j**4/4 - 13*j**3/3 - 6*j**2 - 23*j - 2994. What is t(-12)?
-23
Let v(p) = 11*p**2 + 11*p - 21. Let s(k) = 41*k**2 + 44*k - 85. Let z(m) = 4*s(m) - 15*v(m). What is z(13)?
-51
Let i(a) = 24*a + 16 + 7058*a**2 - 7059*a**2 - 11*a. Let l be 88/6 - 6/9. Determine i(l).
2
Let t be ((-12)/(-10))/((126/60)/(-7)). Let g(l) = -54*l - 215. Let v be g(t). Let a(z) = 4*z - 2. Determine a(v).
2
Let k(t) = -t**3 + 7*t**2 + 7*t + 3. Let v = -52 - 443. Let m = -487 - v. Determine k(m).
-5
Let i(l) = 13*l - 34*l - 30 + 27*l. What is i(6)?
6
Let p(a) be the first derivative of -a**3/3 + 2*a**2 - a + 729. Let b = 15 - 11. Suppose -b*d = d - 20. What is p(d)?
-1
Let p(r) = 6*r**2 - 6*r**2 + 6*r**2 - 9*r**3 + r + 2 - 6*r**2. What is p(-1)?
10
Let u be ((-16)/(-6) + 2)*273/(-182). Let z(w) be the first derivative of w**3/3 + 5*w**2 + w - 7. Determine z(u).
-20
Let x(c) = -14*c**2 - 62*c - 12. Let m(d) = 5*d**2 + 23*d + 4. Let l(y) = -11*m(y) - 4*x(y). Let z be l(3). Let b(t) = 5*t - 1. Give b(z).
-11
Suppose -13*x + 8*x = 0. Let a(n) = x + 2 + 0*n + n - 1. Let y(l) = -7*l + 1. Let v(d) = -6*a(d) - y(d). Determine v(4).
-3
Let l = -8 + 6. Let j(c) be the first derivative of c**2/2 - 2*c - 152. Let t(s) = -2*s + 1. Let h(b) = l*j(b) - 3*t(b). Determine h(1).
5
Suppose -96*d = -106*d + 70. Let c be -3 + 0 + 7 + -2. Let r(k) = 8*k + 3*k**2 + k**c - 5*k**2 + 10. Determine r(d).
17
Let w(j) = -4*j**2 - 84*j - 12. Let k = -3877 - -3856. What is w(k)?
-12
Let t(m) = -m**3 + m**2 + 13*m + 19. Let h(u) = -2*u**3 + 2*u**2 + 23*u + 38. Let z(q) = -4*h(q) + 7*t(q). Let a be 0/(12/(3 + -7)). What is z(a)?
-19
Let g(s) be the first derivative of 0*s - s**3 - 41 + s**4 + 3/2*s**2. What is g(2)?
26
Let z(t) = -t**2 + 3*t - 6. Let x be z(4). Let q = x + 12. Let m(g) = 72*g + 65*g + g**2 - q - 143*g. Determine m(5).
-7
Let o(k) = -505*k**2 + 1028*k**2 - 514*k**2 - 13*k + 34 - k**3. Determine o(8).
-6
Let i(k) = 2*k**2 + 7*k - 2. Let p(u) = 12*u**2 + 55*u + 33. Let f be p(-4). Give i(f).
83
Let j(w) = -262*w - 4. Let r(a) = 282*a + 3. Let u(l) = 14*j(l) + 13*r(l). Determine u(-8).
-1
Let a(q) = -q**2 - 9*q + 9. Let y be a(-10). Let j(z) be the second derivative of 4*z**3/3 + z**2 + 2744*z. Give j(y).
-6
Let z(w) = -w - 8*w**2 - 17 + w**3 + 9 - 6*w + 5. Let q(v) = -v**2 - 7*v - 1. Let x be q(-5). Determine z(x).
15
Let t(f) = -f**3 + f**2 + 6*f + 3. Suppose -57 - 23 = 22*c - 36. Give t(c).
3
Let x(k) = -28*k + 75. Let n(u) = -9*u + 1. Let b(f) = -4*n(f) + x(f). What is b(-7)?
15
Let u(q) = 4*q**2 - q + 1. Let z be -76 + 68 - (-352)/(-1). Let b be 8/(-10) + (-648)/z. What is u(b)?
4
Let p(z) = 19*z - 30. Suppose -887 = 58*j - 945. Determine p(j).
-11
Let n(w) = 2*w**3 + 5*w**2 - 5*w - 15. Let r(p) = -92*p + 9014. Let g be r(98). Determine n(g).
-1
Suppose -f + 11 = -3*w - 0*w, 4*f + 2*w - 2 = 0. Let v(i) be the third derivative of 0*i - 1/2*i**3 + 5/24*i**4 + 0 + i**2 - 1/60*i**5. Calculate v(f).
3
Let f(u) be the first derivative of -8*u - 123 + 2*u**2 + 1/3*u**3. Determine f(-6).
4
Let g(b) = 3*b**3 - 20*b**2 - 9*b + 147. Let a(l) = -l**3 + 10*l**2 + 5*l - 64. Let w(k) = 5*a(k) + 2*g(k). Give w(-9).
-8
Suppose 4*c = -2*k - 10, 5*k = -2*c - 82 + 57. Let f(h) = 3*h**2 - h + 9. Let r(j) = -j**2 - 1. Let n(w) = f(w) + 2*r(w). Give n(c).
7
Let z(r) = -23*r**2 + 25*r - 20. Let k(l) = 3 + 29*l**2 + 3 - 6*l - 24*l**2 - 1. Let h(s) = 9*k(s) + 2*z(s). Calculate h(-5).
0
Let z be 40/30*18/12*2. Let c(n) = n**3 - n - 4. Determine c(z).
56
Let g = -34 + 30. Suppose 5*q = 3*d + 23 - 9, 6 = -3*d + 3*q. Let h(m) = 4 + 0*m**d + 8*m**2 - 3*m**2 + 9*m - 4*m**2. Calculate h(g).
-16
Let i = -10 + 6. Let l(a) = 7*a + 1. Let n(p) be the first derivative of 11*p**2 + 2*p - 33. Let m(r) = -16*l(r) + 5*n(r). Give m(i).
2
Let m(o) = o**2 - 8*o + 2. Suppose -l - 6*l = 595. Let x = 92 + l. Determine m(x).
-5
Let b(m) = m**3 + 4*m**2 - m + 3. Let o be 15/(-10)*80/(-12). Suppose -2*u = -0*u - o. Suppose 4*g - u = -21. Determine b(g).
7
Let a(o) = 17*o**2 - 2*o + 3. Suppose 5*z + 5*l + 20 = 0, 2*l - 5 = 5*z + 4*l. Calculate a(z).
18
Let n(w) be the second derivative of w**4/12 + 11*w**3/6 + 29*w**2/2 - 231*w - 1. Give n(-8).
5
Let q(m) be the third derivative of -m**6/360 - m**5/120 - m**4/8 + 10*m**3/3 + 36*m**2. Let i(f) be the first derivative of q(f). Give i(-3).
-9
Let f(x) = x**2 - 25*x - 7. Let k = -1282 - -1300. Calculate f(k).
-133
Let b(l) = -81*l + 14. Let y(z) = -121*z + 11. Let w(d) = 6*b(d) - 4*y(d). Determine w(26).
-12
Suppose -6*i + 34 = -362. Let v(g) = -i - 72 + 7*g + 133. Determine v(-4).
-33
Let z(v) = -5*v**2 - 4*v + 6. Let f(n) = -14*n**2 - 11*n + 17. Let o be 8 + 2/4*-4. Let m(r) = o*f(r) - 17*z(r). Let j = -45 + 40. What is m(j)?
15
Let s be 1*-5 + -2 + -5. Let b(z) = -28*z**3 - 4*z**2 - 12*z + 14. Let d(j) = -25*j**3 - 5*j**2 - 12*j + 12. Let u(q) = -8*b(q) + 9*d(q). What is u(s)?
-4
Let c = -5536 - -5541. Let k(s) = 4*s + 4. What is k(c)?
24
Let v be 9/7 - (-7 - ((-46)/14 - 4)). Let q(w) = 21*w - 1. Give q(v).
20
Suppose -663*l = -657*l + 4776. Let n = l - -793. Let y(p) = 5*p + 18. Calculate y(n).
3
Let z be (-8)/(40/75) - -4. Let t be (-10 - z)*(-2 + 0). Let i(q) = -2*q**3 - 3*q**2 - 2*q + 2. What is i(t)?
10
Let m(f) = 5*f**2 - f**2 - 15*f - 28 - 6*f**2 + 0*f**2 - 36*f. What is m(-25)?
-3
Let h = 2079 + -2073. Let r(y) = -1 - 7 - 6*y**2 - 5*y**3 + 0*y**3 + 6*y**3. Calculate r(h).
-8
Let f(c) = -c**3 - 20*c**2 - 16*c + 33. Suppose 27*o - 1026 = -75*o - 2964. Determine f(o).
-24
Let g(s) = -90*s + 53. Let h(i) = -55*i + 26. Let y(r) = 3*g(r) - 5*h(r). What is y(-7)?
-6
Let x(h) = -50*h - 51*h - 49*h - 4 + 153*h. Let d(n) = -n**2 - 4*n + 5. Let b be d(-6). Let l = b - -12. Determine x(l).
11
Let d be 57/15 - (-6)/(-45)*6. Let r(p) = -6 + 4034*p**3 - 2 - 4033*p**d - 7*p**2 + 4*p. Give r(7).
20
Let y be -8*(-33)/88 - (1 + 3). Let m(v) = -3*v**2 - 3*v - 1. Give m(y).
-1
Let v = 122 - 119. Suppose v*s - 18 = -3*s. Let n(a) = -7 + 0*a + 2*a + 5. Give n(s).
4
Suppose 3*f = o, 0 = -4*f + o - 1. Suppose -26 = -h - 5*t, -3*h + 17 = -h + 3*t. Let z(q) = -398*q - 6*q**2 + h + 398*q. Calculate z(f).
-5
Let k(a) = -15*a**2 - 44*a - 5. Let h(t) = 56*t + 557. Let u be h(-10). Determine k(u).
-8
Let p = 2037 - 2035. Let c(h) be the first derivative of 1/2*h**2 - 3*h - p. What is c(4)?
1
Suppose -5*t + 23 = -60*d + 63*d, -16 = -4*t - 3*d. Let m(n) = 9*n - 45. Determine m(t).
18
Let a(r) be the second derivative of 0 + 3*r + 3/8*r**4 - 25/6*r**3 + 0*r**2 + 1/120*r**5. Let z(f) be the second derivative of a(f). Calculate z(-9).
0
Let z(r) = -2*r**3 + 2*r - 4. Let h(g) = -5*g**3 + 9*g**2 + 3*g - 6. Let a(w) = -h(w) + 2*z(w). Let d(x) = -x**3 - x**2 + 2*x - 3. Let s be d(-3). Give a(s).
7
Let o(l) = -l**3 + l**2 + 3*l + 11. Suppose 76*j - 56 = 104 + 68. Calculate o(j).
2
Suppose 5*f - z - 40 = 0, 0 = 49*f - 53*f + 3*z + 32. Let a(s) = 9*s - 59. What is a(f)?
13
Let p(c) = -c**2 - c. Let x(v) = 2*v**2 + 4*v + 4. Let w be x(-1). Suppose g - 2 = w*k, 5*k + 2*g = 2*k - 17. What is p(k)?
-6
Let c(x) = 750*x - 164 - 1509*x + 20 + 828*x. Calculate c(2).
-6
Let v(s) be the third derivative of 0*s + 2*s**2 - 11/6*s**3 - 5/24*s**4 + 21. Calculate v(-8).
29
Let s(q) = 69*q + 970. Let v be s(-14). Let a(h) = 6*h - 7. What is a(v)?
17
Let n(j) = -j**2 + 8*j - 9. Let h be n(6). Suppose 67*r - 68*r = h. Let q(v) = 3*v**2 + 4*v - 1. Give q(r).
14
Let t(h) be the third derivative of h**6/120 + h**5/60 - h**4/2 - 3*h**3/2 + 5*h**2 - h + 96. Give t(-3).
9
Let q(p)